s digit of 1558281330?
5
What is the tens digit of 28343035?
3
What is the hundred millions digit of 1615698208?
6
What is the millions digit of 43923217?
3
What is the millions digit of 2333958269?
3
What is the units digit of 279482690?
0
What is the hundreds digit of 145605704?
7
What is the ten thousands digit of 154008408?
0
What is the thousands digit of 878948167?
8
What is the units digit of 1305612703?
3
What is the tens digit of 133761435?
3
What is the units digit of 118834525?
5
What is the hundred thousands digit of 85792298?
7
What is the hundreds digit of 88277333?
3
What is the units digit of 200720682?
2
What is the hundred thousands digit of 501258369?
2
What is the ten thousands digit of 192624675?
2
What is the billions digit of 1053123636?
1
What is the millions digit of 446145113?
6
What is the millions digit of 3646435696?
6
What is the ten thousands digit of 285980164?
8
What is the hundreds digit of 345072603?
6
What is the hundred millions digit of 2356220025?
3
What is the tens digit of 26465254?
5
What is the hundreds digit of 74023087?
0
What is the hundreds digit of 1118521523?
5
What is the hundred thousands digit of 183636393?
6
What is the hundred thousands digit of 384710787?
7
What is the hundreds digit of 287706109?
1
What is the millions digit of 18603382?
8
What is the tens digit of 17385715?
1
What is the units digit of 1013084328?
8
What is the hundred thousands digit of 1249726457?
7
What is the thousands digit of 9042949?
2
What is the hundred millions digit of 542004453?
5
What is the hundred thousands digit of 1445906230?
9
What is the ten millions digit of 2465147888?
6
What is the hundred thousands digit of 375756492?
7
What is the millions digit of 68945016?
8
What is the hundreds digit of 394540672?
6
What is the thousands digit of 106417436?
7
What is the hundred millions digit of 796893006?
7
What is the millions digit of 394112715?
4
What is the units digit of 56624707?
7
What is the ten thousands digit of 17582197?
8
What is the tens digit of 2600045505?
0
What is the tens digit of 49853854?
5
What is the hundred thousands digit of 78632995?
6
What is the hundreds digit of 1954431595?
5
What is the units digit of 247406059?
9
What is the units digit of 4722711962?
2
What is the ten millions digit of 65913980?
6
What is the thousands digit of 51080482?
0
What is the tens digit of 627381428?
2
What is the hundreds digit of 8637170709?
7
What is the hundreds digit of 304411463?
4
What is the thousands digit of 62073255?
3
What is the hundred thousands digit of 22580833?
5
What is the millions digit of 13363709?
3
What is the units digit of 3582836351?
1
What is the millions digit of 2557886322?
7
What is the hundreds digit of 75272939?
9
What is the hundred millions digit of 240744242?
2
What is the millions digit of 273028837?
3
What is the units digit of 9312467?
7
What is the ten millions digit of 109991785?
0
What is the hundred millions digit of 1010520089?
0
What is the hundreds digit of 47713835?
8
What is the hundred millions digit of 1427814504?
4
What is the ten thousands digit of 4425471?
2
What is the millions digit of 718673867?
8
What is the billions digit of 7346528163?
7
What is the hundreds digit of 292127963?
9
What is the thousands digit of 2932121758?
1
What is the units digit of 728928182?
2
What is the hundreds digit of 13188018?
0
What is the hundred millions digit of 389847930?
3
What is the tens digit of 318031698?
9
What is the ten millions digit of 53967626?
5
What is the hundreds digit of 373253905?
9
What is the ten thousands digit of 123778533?
7
What is the tens digit of 236577054?
5
What is the millions digit of 18035551?
8
What is the thousands digit of 1294585405?
5
What is the thousands digit of 195360423?
0
What is the ten thousands digit of 798966490?
6
What is the units digit of 2885240978?
8
What is the ten millions digit of 52742484?
5
What is the hundred millions digit of 849384579?
8
What is the millions digit of 828989212?
8
What is the units digit of 4209379684?
4
What is the ten thousands digit of 2165046134?
4
What is the units digit of 304617433?
3
What is the tens digit of 540528418?
1
What is the ten thousands digit of 555429676?
2
What is the millions digit of 95271151?
5
What is the ten thousands digit of 940031005?
3
What is the millions digit of 1531630771?
1
What is the millions digit of 29712266?
9
What is the tens digit of 922359726?
2
What is the hundreds digit of 2528315877?
8
What is the thousands digit of 145534730?
4
What is the millions digit of 10379599?
0
What is the millions digit of 76531610?
6
What is the tens digit of 382734513?
1
What is the hundreds digit of 48906442?
4
What is the ten thousands digit of 537439738?
3
What is the units digit of 61575362?
2
What is the ten millions digit of 164424891?
6
What is the billions digit of 1274293946?
1
What is the billions digit of 3089888969?
3
What is the hundred thousands digit of 1211784328?
7
What is the hundred millions digit of 374477143?
3
What is the ten millions digit of 73666855?
7
What is the hundred thousands digit of 547803199?
8
What is the units digit of 59107223?
3
What is the units digit of 197460333?
3
What is the thousands digit of 46075296?
5
What is the millions digit of 234250308?
4
What is the hundred millions digit of 231710188?
2
What is the hundred thousands digit of 972246732?
2
What is the ten millions digit of 174593862?
7
What is the hundreds digit of 24895452?
4
What is the millions digit of 104845687?
4
What is the millions digit of 214898488?
4
What is the hundreds digit of 71233672?
6
What is the hundred thousands digit of 54406630?
4
What is the millions digit of 37515380?
7
What is the millions digit of 44420249?
4
What is the units digit of 139744450?
0
What is the ten thousands digit of 40369167?
6
What is the ten thousands digit of 49958641?
5
What is the ten millions digit of 370149966?
7
What is the hundred thousands digit of 376657152?
6
What is the units digit of 117262253?
3
What is the hundreds digit of 13073089?
0
What is the hundreds digit of 2845110164?
1
What is the tens digit of 66957624?
2
What is the billions digit of 1469168355?
1
What is the millions digit of 174071523?
4
What is the millions digit of 32541038?
2
What is the tens digit of 811353081?
8
What is the ten thousands digit of 86102923?
0
What is the hundred thousands digit of 235432802?
4
What is the tens digit of 337132518?
1
What is the ten millions digit of 145471729?
4
What is the millions digit of 28963625?
8
What is the ten millions digit of 60147985?
6
What is the ten thousands digit of 3244199619?
9
What is the ten millions digit of 1333881685?
3
What is the units digit of 1491107694?
4
What is the hundred millions digit of 1073319946?
0
What is the units digit of 37527256?
6
What is the thousands digit of 1964013930?
3
What is the hundred thousands digit of 1108118853?
1
What is the hundreds digit of 166950611?
6
What is the tens digit of 19327183?
8
What is the millions digit of 2022932212?
2
What is the hundreds digit of 74118059?
0
What is the units digit of 58650716?
6
What is the tens digit of 246224055?
5
What is the ten millions digit of 2466440577?
6
What is the hundred millions digit of 3851402851?
8
What is the units digit of 226052279?
9
What is the ten millions digit of 1985622958?
8
What is the ten thousands digit of 1510564504?
6
What is the hundreds digit of 2481209?
2
What is the ten thousands digit of 21887323?
8
What is the ten millions digit of 6243141275?
4
What is the units digit of 635154051?
1
What is the hundred thousands digit of 1526703658?
7
What is the hundred thousands digit of 1806502549?
5
What is the hundred millions digit of 2592379278?
5
What is the thousands digit of 55946637?
6
What is the ten millions digit of 20870776?
2
What is the hundred millions digit of 155574842?
1
What is the ten thousands digit of 336279442?
7
What is the ten thousands digit of 372496273?
9
What is the millions digit of 1314492864?
4
What is the ten thousands digit of 5152149472?
4
What is the thousands digit of 34167773?
7
What is the ten millions digit of 12519960?
1
What is the ten millions digit of 100936170?
0
What is the hundreds digit of 